{"id":974,"date":"2022-11-07T18:06:29","date_gmt":"2022-11-07T18:06:29","guid":{"rendered":"http:\/\/hiref.com.mx\/?post_type=product&#038;p=974"},"modified":"2026-01-27T18:39:42","modified_gmt":"2026-01-27T18:39:42","slug":"htr","status":"publish","type":"product","link":"https:\/\/hiref.com.mx\/index.php\/producto\/htr\/","title":{"rendered":"HTR"},"content":{"rendered":"<p>Rango: 6.8-63.4 kW<\/p>\n<p>Equipo monobloc de aire acondicionado de precisi\u00f3n para colocar sobre techo exterior (rooftop) que facilita un arreglo de pasillo f\u00edo y caliente, disponible en capacidades de 5 hasta 10 TR de refrigeraci\u00f3n en expansi\u00f3n directa (DX), cuenta con compresor scroll, refrigerante R410-A, ventiladores EC, display, deshumidificador y control interno que permite un trabajo en equipo cuando hay m\u00e1s de 2 equipos en el mismo sitio; cuenta con opci\u00f3n de Free-Cooling directo<\/p>\n<p>Los equipos rooftop de la gama HTR son unidades de expansi\u00f3n directa refrigeradas por aire desarrolladas y dise\u00f1adas para la climatizaci\u00f3n de contenedores. Representan la soluci\u00f3n m\u00e1s sencilla para el acondicionamiento de data centers dentro de contenedores, gracias a su posicionamiento fuera de la cubierta y la facilidad de instalaci\u00f3n t\u00edpica de las ejecuciones monobloque. El dise\u00f1o interior y la cuidada elecci\u00f3n de los componentes est\u00e1n pensados \u200b\u200bpara dotar al equipo de la m\u00e1xima eficiencia energ\u00e9tica, con el fin de obtener el m\u00e1ximo ahorro en t\u00e9rminos de costes de gesti\u00f3n del sistema de refrigeraci\u00f3n.<\/p>\n","protected":false},"excerpt":{"rendered":"<p>Equipo monobloc para colocar sobre techo exterior (rooftop) que facilita un arreglo de pasillo f\u00edo y caliente<\/p>\n","protected":false},"featured_media":1630,"template":"","meta":[],"product_brand":[],"product_cat":[24,36,63,23],"product_tag":[],"class_list":{"0":"post-974","1":"product","2":"type-product","3":"status-publish","4":"has-post-thumbnail","6":"product_cat-expansion-directa","7":"product_cat-outdoor","8":"product_cat-rooftop","9":"product_cat-telecom","11":"first","12":"instock","13":"shipping-taxable","14":"product-type-simple"},"acf":[],"yoast_head":"<!-- This site is optimized with the Yoast SEO plugin v25.8 - https:\/\/yoast.com\/wordpress\/plugins\/seo\/ -->\n<title>HTR - HiRef<\/title>\n<meta name=\"robots\" content=\"index, follow, max-snippet:-1, max-image-preview:large, max-video-preview:-1\" \/>\n<link rel=\"canonical\" href=\"https:\/\/hiref.com.mx\/index.php\/producto\/htr\/\" \/>\n<meta property=\"og:locale\" content=\"es_MX\" \/>\n<meta property=\"og:type\" content=\"article\" \/>\n<meta property=\"og:title\" content=\"HTR - HiRef\" \/>\n<meta property=\"og:description\" content=\"Equipo monobloc para colocar sobre techo exterior (rooftop) que facilita un arreglo de pasillo f\u00edo y caliente\" \/>\n<meta property=\"og:url\" content=\"https:\/\/hiref.com.mx\/index.php\/producto\/htr\/\" \/>\n<meta property=\"og:site_name\" content=\"HiRef\" \/>\n<meta property=\"article:publisher\" content=\"https:\/\/www.facebook.com\/hirefmexico\" \/>\n<meta property=\"article:modified_time\" content=\"2026-01-27T18:39:42+00:00\" \/>\n<meta property=\"og:image\" content=\"https:\/\/hiref.com.mx\/wp-content\/uploads\/2022\/11\/HIREFHIREFHTR0181-321-0002.png\" \/>\n\t<meta property=\"og:image:width\" content=\"800\" \/>\n\t<meta property=\"og:image:height\" content=\"800\" \/>\n\t<meta property=\"og:image:type\" content=\"image\/png\" \/>\n<meta name=\"twitter:card\" content=\"summary_large_image\" \/>\n<meta name=\"twitter:label1\" content=\"Tiempo de lectura\" \/>\n\t<meta name=\"twitter:data1\" content=\"1 minuto\" \/>\n<script type=\"application\/ld+json\" class=\"yoast-schema-graph\">{\"@context\":\"https:\/\/schema.org\",\"@graph\":[{\"@type\":\"WebPage\",\"@id\":\"https:\/\/hiref.com.mx\/index.php\/producto\/htr\/\",\"url\":\"https:\/\/hiref.com.mx\/index.php\/producto\/htr\/\",\"name\":\"HTR - HiRef\",\"isPartOf\":{\"@id\":\"https:\/\/hiref.com.mx\/#website\"},\"primaryImageOfPage\":{\"@id\":\"https:\/\/hiref.com.mx\/index.php\/producto\/htr\/#primaryimage\"},\"image\":{\"@id\":\"https:\/\/hiref.com.mx\/index.php\/producto\/htr\/#primaryimage\"},\"thumbnailUrl\":\"https:\/\/hiref.com.mx\/wp-content\/uploads\/2022\/11\/HIREFHIREFHTR0181-321-0002.png\",\"datePublished\":\"2022-11-07T18:06:29+00:00\",\"dateModified\":\"2026-01-27T18:39:42+00:00\",\"breadcrumb\":{\"@id\":\"https:\/\/hiref.com.mx\/index.php\/producto\/htr\/#breadcrumb\"},\"inLanguage\":\"es\",\"potentialAction\":[{\"@type\":\"ReadAction\",\"target\":[\"https:\/\/hiref.com.mx\/index.php\/producto\/htr\/\"]}]},{\"@type\":\"ImageObject\",\"inLanguage\":\"es\",\"@id\":\"https:\/\/hiref.com.mx\/index.php\/producto\/htr\/#primaryimage\",\"url\":\"https:\/\/hiref.com.mx\/wp-content\/uploads\/2022\/11\/HIREFHIREFHTR0181-321-0002.png\",\"contentUrl\":\"https:\/\/hiref.com.mx\/wp-content\/uploads\/2022\/11\/HIREFHIREFHTR0181-321-0002.png\",\"width\":800,\"height\":800},{\"@type\":\"BreadcrumbList\",\"@id\":\"https:\/\/hiref.com.mx\/index.php\/producto\/htr\/#breadcrumb\",\"itemListElement\":[{\"@type\":\"ListItem\",\"position\":1,\"name\":\"Inicio\",\"item\":\"https:\/\/hiref.com.mx\/\"},{\"@type\":\"ListItem\",\"position\":2,\"name\":\"Tienda\",\"item\":\"https:\/\/hiref.com.mx\/?page_id=240\"},{\"@type\":\"ListItem\",\"position\":3,\"name\":\"HTR\"}]},{\"@type\":\"WebSite\",\"@id\":\"https:\/\/hiref.com.mx\/#website\",\"url\":\"https:\/\/hiref.com.mx\/\",\"name\":\"HiRef\",\"description\":\"Aire acondicionado de precisi\u00f3n para Data Center y Telecom\",\"potentialAction\":[{\"@type\":\"SearchAction\",\"target\":{\"@type\":\"EntryPoint\",\"urlTemplate\":\"https:\/\/hiref.com.mx\/?s={search_term_string}\"},\"query-input\":{\"@type\":\"PropertyValueSpecification\",\"valueRequired\":true,\"valueName\":\"search_term_string\"}}],\"inLanguage\":\"es\"}]}<\/script>\n<!-- \/ Yoast SEO plugin. -->","yoast_head_json":{"title":"HTR - HiRef","robots":{"index":"index","follow":"follow","max-snippet":"max-snippet:-1","max-image-preview":"max-image-preview:large","max-video-preview":"max-video-preview:-1"},"canonical":"https:\/\/hiref.com.mx\/index.php\/producto\/htr\/","og_locale":"es_MX","og_type":"article","og_title":"HTR - HiRef","og_description":"Equipo monobloc para colocar sobre techo exterior (rooftop) que facilita un arreglo de pasillo f\u00edo y caliente","og_url":"https:\/\/hiref.com.mx\/index.php\/producto\/htr\/","og_site_name":"HiRef","article_publisher":"https:\/\/www.facebook.com\/hirefmexico","article_modified_time":"2026-01-27T18:39:42+00:00","og_image":[{"width":800,"height":800,"url":"https:\/\/hiref.com.mx\/wp-content\/uploads\/2022\/11\/HIREFHIREFHTR0181-321-0002.png","type":"image\/png"}],"twitter_card":"summary_large_image","twitter_misc":{"Tiempo de lectura":"1 minuto"},"schema":{"@context":"https:\/\/schema.org","@graph":[{"@type":"WebPage","@id":"https:\/\/hiref.com.mx\/index.php\/producto\/htr\/","url":"https:\/\/hiref.com.mx\/index.php\/producto\/htr\/","name":"HTR - HiRef","isPartOf":{"@id":"https:\/\/hiref.com.mx\/#website"},"primaryImageOfPage":{"@id":"https:\/\/hiref.com.mx\/index.php\/producto\/htr\/#primaryimage"},"image":{"@id":"https:\/\/hiref.com.mx\/index.php\/producto\/htr\/#primaryimage"},"thumbnailUrl":"https:\/\/hiref.com.mx\/wp-content\/uploads\/2022\/11\/HIREFHIREFHTR0181-321-0002.png","datePublished":"2022-11-07T18:06:29+00:00","dateModified":"2026-01-27T18:39:42+00:00","breadcrumb":{"@id":"https:\/\/hiref.com.mx\/index.php\/producto\/htr\/#breadcrumb"},"inLanguage":"es","potentialAction":[{"@type":"ReadAction","target":["https:\/\/hiref.com.mx\/index.php\/producto\/htr\/"]}]},{"@type":"ImageObject","inLanguage":"es","@id":"https:\/\/hiref.com.mx\/index.php\/producto\/htr\/#primaryimage","url":"https:\/\/hiref.com.mx\/wp-content\/uploads\/2022\/11\/HIREFHIREFHTR0181-321-0002.png","contentUrl":"https:\/\/hiref.com.mx\/wp-content\/uploads\/2022\/11\/HIREFHIREFHTR0181-321-0002.png","width":800,"height":800},{"@type":"BreadcrumbList","@id":"https:\/\/hiref.com.mx\/index.php\/producto\/htr\/#breadcrumb","itemListElement":[{"@type":"ListItem","position":1,"name":"Inicio","item":"https:\/\/hiref.com.mx\/"},{"@type":"ListItem","position":2,"name":"Tienda","item":"https:\/\/hiref.com.mx\/?page_id=240"},{"@type":"ListItem","position":3,"name":"HTR"}]},{"@type":"WebSite","@id":"https:\/\/hiref.com.mx\/#website","url":"https:\/\/hiref.com.mx\/","name":"HiRef","description":"Aire acondicionado de precisi\u00f3n para Data Center y Telecom","potentialAction":[{"@type":"SearchAction","target":{"@type":"EntryPoint","urlTemplate":"https:\/\/hiref.com.mx\/?s={search_term_string}"},"query-input":{"@type":"PropertyValueSpecification","valueRequired":true,"valueName":"search_term_string"}}],"inLanguage":"es"}]}},"_links":{"self":[{"href":"https:\/\/hiref.com.mx\/index.php\/wp-json\/wp\/v2\/product\/974","targetHints":{"allow":["GET"]}}],"collection":[{"href":"https:\/\/hiref.com.mx\/index.php\/wp-json\/wp\/v2\/product"}],"about":[{"href":"https:\/\/hiref.com.mx\/index.php\/wp-json\/wp\/v2\/types\/product"}],"version-history":[{"count":2,"href":"https:\/\/hiref.com.mx\/index.php\/wp-json\/wp\/v2\/product\/974\/revisions"}],"predecessor-version":[{"id":3599,"href":"https:\/\/hiref.com.mx\/index.php\/wp-json\/wp\/v2\/product\/974\/revisions\/3599"}],"wp:featuredmedia":[{"embeddable":true,"href":"https:\/\/hiref.com.mx\/index.php\/wp-json\/wp\/v2\/media\/1630"}],"wp:attachment":[{"href":"https:\/\/hiref.com.mx\/index.php\/wp-json\/wp\/v2\/media?parent=974"}],"wp:term":[{"taxonomy":"product_brand","embeddable":true,"href":"https:\/\/hiref.com.mx\/index.php\/wp-json\/wp\/v2\/product_brand?post=974"},{"taxonomy":"product_cat","embeddable":true,"href":"https:\/\/hiref.com.mx\/index.php\/wp-json\/wp\/v2\/product_cat?post=974"},{"taxonomy":"product_tag","embeddable":true,"href":"https:\/\/hiref.com.mx\/index.php\/wp-json\/wp\/v2\/product_tag?post=974"}],"curies":[{"name":"wp","href":"https:\/\/api.w.org\/{rel}","templated":true}]}}