{"id":891,"date":"2022-10-17T02:17:37","date_gmt":"2022-10-17T02:17:37","guid":{"rendered":"http:\/\/hiref.com.mx\/?post_type=product&#038;p=891"},"modified":"2025-03-11T16:38:53","modified_gmt":"2025-03-11T16:38:53","slug":"trf","status":"publish","type":"product","link":"https:\/\/hiref.com.mx\/index.php\/producto\/trf\/","title":{"rendered":"TRF CW"},"content":{"rendered":"<p>Rango: 33.4-257.1 kW<\/p>\n<p>Aire acondicionado de precisi\u00f3n disponible en capacidades de 12 hasta 67 TR de refrigeraci\u00f3n en agua helada (CW). Brinda eficiencia, flexibilidad y optimizaci\u00f3n de espacios. Usa ventiladores EC que cuentan con la funci\u00f3n de velocidad de emergencia, humidificador, resistencias, panel touch screen, v\u00e1lvula de expansi\u00f3n electr\u00f3nica de 2 o 3 v\u00edas.<\/p>\n<p>Los nuevos equipos de AAP de agua fr\u00eda de la serie TRF CW son especialmente adecuados para entornos tecnol\u00f3gicos donde se requiere un control constante de la temperatura y el flujo de aire. Los componentes de la unidad TRF CW ofrecen la soluci\u00f3n m\u00e1s eficiente para la refrigeraci\u00f3n de data centers, garantizando fiabilidad, control preciso de las condiciones termo-higrom\u00e9tricas y flexibilidad de adaptaci\u00f3n a las diferentes condiciones de trabajo requeridas.<\/p>\n","protected":false},"excerpt":{"rendered":"<p>Disponible en capacidades de 12 hasta 67 TR de refrigeraci\u00f3n en agua helada (CW)<\/p>\n<p>Brinda eficiencia, flexibilidad y optimizaci\u00f3n de espacios<\/p>\n","protected":false},"featured_media":2036,"template":"","meta":[],"product_brand":[],"product_cat":[25,22,32,33],"product_tag":[],"class_list":{"0":"post-891","1":"product","2":"type-product","3":"status-publish","4":"has-post-thumbnail","6":"product_cat-agua-helada","7":"product_cat-hvac-para-data-center","8":"product_cat-hiper-escala","9":"product_cat-perimetrales","11":"first","12":"instock","13":"shipping-taxable","14":"product-type-simple"},"acf":[],"yoast_head":"<!-- This site is optimized with the Yoast SEO plugin v25.8 - https:\/\/yoast.com\/wordpress\/plugins\/seo\/ -->\n<title>TRF CW - HiRef<\/title>\n<meta name=\"robots\" content=\"index, follow, max-snippet:-1, max-image-preview:large, max-video-preview:-1\" \/>\n<link rel=\"canonical\" href=\"https:\/\/hiref.com.mx\/index.php\/producto\/trf\/\" \/>\n<meta property=\"og:locale\" content=\"es_MX\" \/>\n<meta property=\"og:type\" content=\"article\" \/>\n<meta property=\"og:title\" content=\"TRF CW - HiRef\" \/>\n<meta property=\"og:description\" content=\"Disponible en capacidades de 12 hasta 67 TR de refrigeraci\u00f3n en agua helada (CW)  Brinda eficiencia, flexibilidad y optimizaci\u00f3n de espacios\" \/>\n<meta property=\"og:url\" content=\"https:\/\/hiref.com.mx\/index.php\/producto\/trf\/\" \/>\n<meta property=\"og:site_name\" content=\"HiRef\" \/>\n<meta property=\"article:publisher\" content=\"https:\/\/www.facebook.com\/hirefmexico\" \/>\n<meta property=\"article:modified_time\" content=\"2025-03-11T16:38:53+00:00\" \/>\n<meta property=\"og:image\" content=\"https:\/\/hiref.com.mx\/wp-content\/uploads\/2022\/10\/TRF-CW-1.png\" \/>\n\t<meta property=\"og:image:width\" content=\"800\" \/>\n\t<meta property=\"og:image:height\" content=\"800\" \/>\n\t<meta property=\"og:image:type\" content=\"image\/png\" \/>\n<meta name=\"twitter:card\" content=\"summary_large_image\" \/>\n<meta name=\"twitter:label1\" content=\"Tiempo de lectura\" \/>\n\t<meta name=\"twitter:data1\" content=\"1 minuto\" \/>\n<script type=\"application\/ld+json\" class=\"yoast-schema-graph\">{\"@context\":\"https:\/\/schema.org\",\"@graph\":[{\"@type\":\"WebPage\",\"@id\":\"https:\/\/hiref.com.mx\/index.php\/producto\/trf\/\",\"url\":\"https:\/\/hiref.com.mx\/index.php\/producto\/trf\/\",\"name\":\"TRF CW - HiRef\",\"isPartOf\":{\"@id\":\"https:\/\/hiref.com.mx\/#website\"},\"primaryImageOfPage\":{\"@id\":\"https:\/\/hiref.com.mx\/index.php\/producto\/trf\/#primaryimage\"},\"image\":{\"@id\":\"https:\/\/hiref.com.mx\/index.php\/producto\/trf\/#primaryimage\"},\"thumbnailUrl\":\"https:\/\/hiref.com.mx\/wp-content\/uploads\/2022\/10\/TRF-CW-1.png\",\"datePublished\":\"2022-10-17T02:17:37+00:00\",\"dateModified\":\"2025-03-11T16:38:53+00:00\",\"breadcrumb\":{\"@id\":\"https:\/\/hiref.com.mx\/index.php\/producto\/trf\/#breadcrumb\"},\"inLanguage\":\"es\",\"potentialAction\":[{\"@type\":\"ReadAction\",\"target\":[\"https:\/\/hiref.com.mx\/index.php\/producto\/trf\/\"]}]},{\"@type\":\"ImageObject\",\"inLanguage\":\"es\",\"@id\":\"https:\/\/hiref.com.mx\/index.php\/producto\/trf\/#primaryimage\",\"url\":\"https:\/\/hiref.com.mx\/wp-content\/uploads\/2022\/10\/TRF-CW-1.png\",\"contentUrl\":\"https:\/\/hiref.com.mx\/wp-content\/uploads\/2022\/10\/TRF-CW-1.png\",\"width\":800,\"height\":800},{\"@type\":\"BreadcrumbList\",\"@id\":\"https:\/\/hiref.com.mx\/index.php\/producto\/trf\/#breadcrumb\",\"itemListElement\":[{\"@type\":\"ListItem\",\"position\":1,\"name\":\"Inicio\",\"item\":\"https:\/\/hiref.com.mx\/\"},{\"@type\":\"ListItem\",\"position\":2,\"name\":\"Tienda\",\"item\":\"https:\/\/hiref.com.mx\/?page_id=240\"},{\"@type\":\"ListItem\",\"position\":3,\"name\":\"TRF CW\"}]},{\"@type\":\"WebSite\",\"@id\":\"https:\/\/hiref.com.mx\/#website\",\"url\":\"https:\/\/hiref.com.mx\/\",\"name\":\"HiRef\",\"description\":\"Aire acondicionado de precisi\u00f3n para Data Center y Telecom\",\"potentialAction\":[{\"@type\":\"SearchAction\",\"target\":{\"@type\":\"EntryPoint\",\"urlTemplate\":\"https:\/\/hiref.com.mx\/?s={search_term_string}\"},\"query-input\":{\"@type\":\"PropertyValueSpecification\",\"valueRequired\":true,\"valueName\":\"search_term_string\"}}],\"inLanguage\":\"es\"}]}<\/script>\n<!-- \/ Yoast SEO plugin. -->","yoast_head_json":{"title":"TRF CW - HiRef","robots":{"index":"index","follow":"follow","max-snippet":"max-snippet:-1","max-image-preview":"max-image-preview:large","max-video-preview":"max-video-preview:-1"},"canonical":"https:\/\/hiref.com.mx\/index.php\/producto\/trf\/","og_locale":"es_MX","og_type":"article","og_title":"TRF CW - HiRef","og_description":"Disponible en capacidades de 12 hasta 67 TR de refrigeraci\u00f3n en agua helada (CW)  Brinda eficiencia, flexibilidad y optimizaci\u00f3n de espacios","og_url":"https:\/\/hiref.com.mx\/index.php\/producto\/trf\/","og_site_name":"HiRef","article_publisher":"https:\/\/www.facebook.com\/hirefmexico","article_modified_time":"2025-03-11T16:38:53+00:00","og_image":[{"width":800,"height":800,"url":"https:\/\/hiref.com.mx\/wp-content\/uploads\/2022\/10\/TRF-CW-1.png","type":"image\/png"}],"twitter_card":"summary_large_image","twitter_misc":{"Tiempo de lectura":"1 minuto"},"schema":{"@context":"https:\/\/schema.org","@graph":[{"@type":"WebPage","@id":"https:\/\/hiref.com.mx\/index.php\/producto\/trf\/","url":"https:\/\/hiref.com.mx\/index.php\/producto\/trf\/","name":"TRF CW - HiRef","isPartOf":{"@id":"https:\/\/hiref.com.mx\/#website"},"primaryImageOfPage":{"@id":"https:\/\/hiref.com.mx\/index.php\/producto\/trf\/#primaryimage"},"image":{"@id":"https:\/\/hiref.com.mx\/index.php\/producto\/trf\/#primaryimage"},"thumbnailUrl":"https:\/\/hiref.com.mx\/wp-content\/uploads\/2022\/10\/TRF-CW-1.png","datePublished":"2022-10-17T02:17:37+00:00","dateModified":"2025-03-11T16:38:53+00:00","breadcrumb":{"@id":"https:\/\/hiref.com.mx\/index.php\/producto\/trf\/#breadcrumb"},"inLanguage":"es","potentialAction":[{"@type":"ReadAction","target":["https:\/\/hiref.com.mx\/index.php\/producto\/trf\/"]}]},{"@type":"ImageObject","inLanguage":"es","@id":"https:\/\/hiref.com.mx\/index.php\/producto\/trf\/#primaryimage","url":"https:\/\/hiref.com.mx\/wp-content\/uploads\/2022\/10\/TRF-CW-1.png","contentUrl":"https:\/\/hiref.com.mx\/wp-content\/uploads\/2022\/10\/TRF-CW-1.png","width":800,"height":800},{"@type":"BreadcrumbList","@id":"https:\/\/hiref.com.mx\/index.php\/producto\/trf\/#breadcrumb","itemListElement":[{"@type":"ListItem","position":1,"name":"Inicio","item":"https:\/\/hiref.com.mx\/"},{"@type":"ListItem","position":2,"name":"Tienda","item":"https:\/\/hiref.com.mx\/?page_id=240"},{"@type":"ListItem","position":3,"name":"TRF CW"}]},{"@type":"WebSite","@id":"https:\/\/hiref.com.mx\/#website","url":"https:\/\/hiref.com.mx\/","name":"HiRef","description":"Aire acondicionado de precisi\u00f3n para Data Center y Telecom","potentialAction":[{"@type":"SearchAction","target":{"@type":"EntryPoint","urlTemplate":"https:\/\/hiref.com.mx\/?s={search_term_string}"},"query-input":{"@type":"PropertyValueSpecification","valueRequired":true,"valueName":"search_term_string"}}],"inLanguage":"es"}]}},"_links":{"self":[{"href":"https:\/\/hiref.com.mx\/index.php\/wp-json\/wp\/v2\/product\/891","targetHints":{"allow":["GET"]}}],"collection":[{"href":"https:\/\/hiref.com.mx\/index.php\/wp-json\/wp\/v2\/product"}],"about":[{"href":"https:\/\/hiref.com.mx\/index.php\/wp-json\/wp\/v2\/types\/product"}],"version-history":[{"count":1,"href":"https:\/\/hiref.com.mx\/index.php\/wp-json\/wp\/v2\/product\/891\/revisions"}],"predecessor-version":[{"id":1794,"href":"https:\/\/hiref.com.mx\/index.php\/wp-json\/wp\/v2\/product\/891\/revisions\/1794"}],"wp:featuredmedia":[{"embeddable":true,"href":"https:\/\/hiref.com.mx\/index.php\/wp-json\/wp\/v2\/media\/2036"}],"wp:attachment":[{"href":"https:\/\/hiref.com.mx\/index.php\/wp-json\/wp\/v2\/media?parent=891"}],"wp:term":[{"taxonomy":"product_brand","embeddable":true,"href":"https:\/\/hiref.com.mx\/index.php\/wp-json\/wp\/v2\/product_brand?post=891"},{"taxonomy":"product_cat","embeddable":true,"href":"https:\/\/hiref.com.mx\/index.php\/wp-json\/wp\/v2\/product_cat?post=891"},{"taxonomy":"product_tag","embeddable":true,"href":"https:\/\/hiref.com.mx\/index.php\/wp-json\/wp\/v2\/product_tag?post=891"}],"curies":[{"name":"wp","href":"https:\/\/api.w.org\/{rel}","templated":true}]}}