{"id":2604,"date":"2023-09-26T19:43:46","date_gmt":"2023-09-26T19:43:46","guid":{"rendered":"https:\/\/hiref.com.mx\/?post_type=product&#038;p=2604"},"modified":"2023-09-26T20:08:18","modified_gmt":"2023-09-26T20:08:18","slug":"hinode-2-0","status":"publish","type":"product","link":"https:\/\/hiref.com.mx\/index.php\/producto\/hinode-2-0\/","title":{"rendered":"HiNode 2.0"},"content":{"rendered":"<p>Sistema de gesti\u00f3n y monitoreo<\/p>\n<p>HiNode 2.0 es el sistema exclusivo, dise\u00f1ado y desarrollado por HiRef, para la gesti\u00f3n y supervisi\u00f3n del sistema de aire acondicionado de precisi\u00f3n. Interact\u00faa con todas las unidades y dispositivos presentes en el sistema para optimizar su funcionamiento.<\/p>\n<p>Responde de manera eficiente y precisa a las solicitudes de los usuarios, garantizando el rendimiento esperado en la fase de an\u00e1lisis. La l\u00f3gica de predicci\u00f3n de fallos y el c\u00e1lculo de la ca\u00edda del rendimiento a lo largo del tiempo, permiten tomar medidas oportunas para garantizar la continuidad del servicio al usuario.<\/p>\n","protected":false},"excerpt":{"rendered":"<p>Sistema de gesti\u00f3n y monitoreo HiNode 2.0 es el sistema exclusivo, dise\u00f1ado y desarrollado por HiRef, para la gesti\u00f3n y supervisi\u00f3n del sistema de aire acondicionado de precisi\u00f3n. Interact\u00faa con todas las unidades y dispositivos presentes en el sistema para optimizar su funcionamiento. Responde de manera eficiente y precisa a las solicitudes de los usuarios, [&hellip;]<\/p>\n","protected":false},"featured_media":2606,"template":"","meta":[],"product_brand":[],"product_cat":[30,22,57,23],"product_tag":[],"class_list":{"0":"post-2604","1":"product","2":"type-product","3":"status-publish","4":"has-post-thumbnail","6":"product_cat-chillers-y-minichillers","7":"product_cat-hvac-para-data-center","8":"product_cat-gestion-y-control","9":"product_cat-telecom","11":"first","12":"instock","13":"shipping-taxable","14":"product-type-simple"},"acf":[],"yoast_head":"<!-- This site is optimized with the Yoast SEO plugin v25.8 - https:\/\/yoast.com\/wordpress\/plugins\/seo\/ -->\n<title>HiNode 2.0 - HiRef<\/title>\n<meta name=\"description\" content=\"HiNode 2.0 sistema exclusivo, de HiRef, gestiona y supervisa el sistema de aire acondicionado de precisi\u00f3n. optimiza el funcionamiento de las unidades.\" \/>\n<meta name=\"robots\" content=\"index, follow, max-snippet:-1, max-image-preview:large, max-video-preview:-1\" \/>\n<link rel=\"canonical\" href=\"https:\/\/hiref.com.mx\/index.php\/producto\/hinode-2-0\/\" \/>\n<meta property=\"og:locale\" content=\"es_MX\" \/>\n<meta property=\"og:type\" content=\"article\" \/>\n<meta property=\"og:title\" content=\"HiNode 2.0 - HiRef\" \/>\n<meta property=\"og:description\" content=\"HiNode 2.0 sistema exclusivo, de HiRef, gestiona y supervisa el sistema de aire acondicionado de precisi\u00f3n. optimiza el funcionamiento de las unidades.\" \/>\n<meta property=\"og:url\" content=\"https:\/\/hiref.com.mx\/index.php\/producto\/hinode-2-0\/\" \/>\n<meta property=\"og:site_name\" content=\"HiRef\" \/>\n<meta property=\"article:publisher\" content=\"https:\/\/www.facebook.com\/hirefmexico\" \/>\n<meta property=\"article:modified_time\" content=\"2023-09-26T20:08:18+00:00\" \/>\n<meta property=\"og:image\" content=\"https:\/\/hiref.com.mx\/wp-content\/uploads\/2023\/09\/HINODE_1.png\" \/>\n\t<meta property=\"og:image:width\" content=\"938\" \/>\n\t<meta property=\"og:image:height\" content=\"800\" \/>\n\t<meta property=\"og:image:type\" content=\"image\/png\" \/>\n<meta name=\"twitter:card\" content=\"summary_large_image\" \/>\n<meta name=\"twitter:label1\" content=\"Tiempo de lectura\" \/>\n\t<meta name=\"twitter:data1\" content=\"1 minuto\" \/>\n<script type=\"application\/ld+json\" class=\"yoast-schema-graph\">{\"@context\":\"https:\/\/schema.org\",\"@graph\":[{\"@type\":\"WebPage\",\"@id\":\"https:\/\/hiref.com.mx\/index.php\/producto\/hinode-2-0\/\",\"url\":\"https:\/\/hiref.com.mx\/index.php\/producto\/hinode-2-0\/\",\"name\":\"HiNode 2.0 - HiRef\",\"isPartOf\":{\"@id\":\"https:\/\/hiref.com.mx\/#website\"},\"primaryImageOfPage\":{\"@id\":\"https:\/\/hiref.com.mx\/index.php\/producto\/hinode-2-0\/#primaryimage\"},\"image\":{\"@id\":\"https:\/\/hiref.com.mx\/index.php\/producto\/hinode-2-0\/#primaryimage\"},\"thumbnailUrl\":\"https:\/\/hiref.com.mx\/wp-content\/uploads\/2023\/09\/HINODE_1.png\",\"datePublished\":\"2023-09-26T19:43:46+00:00\",\"dateModified\":\"2023-09-26T20:08:18+00:00\",\"description\":\"HiNode 2.0 sistema exclusivo, de HiRef, gestiona y supervisa el sistema de aire acondicionado de precisi\u00f3n. optimiza el funcionamiento de las unidades.\",\"breadcrumb\":{\"@id\":\"https:\/\/hiref.com.mx\/index.php\/producto\/hinode-2-0\/#breadcrumb\"},\"inLanguage\":\"es\",\"potentialAction\":[{\"@type\":\"ReadAction\",\"target\":[\"https:\/\/hiref.com.mx\/index.php\/producto\/hinode-2-0\/\"]}]},{\"@type\":\"ImageObject\",\"inLanguage\":\"es\",\"@id\":\"https:\/\/hiref.com.mx\/index.php\/producto\/hinode-2-0\/#primaryimage\",\"url\":\"https:\/\/hiref.com.mx\/wp-content\/uploads\/2023\/09\/HINODE_1.png\",\"contentUrl\":\"https:\/\/hiref.com.mx\/wp-content\/uploads\/2023\/09\/HINODE_1.png\",\"width\":938,\"height\":800},{\"@type\":\"BreadcrumbList\",\"@id\":\"https:\/\/hiref.com.mx\/index.php\/producto\/hinode-2-0\/#breadcrumb\",\"itemListElement\":[{\"@type\":\"ListItem\",\"position\":1,\"name\":\"Inicio\",\"item\":\"https:\/\/hiref.com.mx\/\"},{\"@type\":\"ListItem\",\"position\":2,\"name\":\"Tienda\",\"item\":\"https:\/\/hiref.com.mx\/?page_id=240\"},{\"@type\":\"ListItem\",\"position\":3,\"name\":\"HiNode 2.0\"}]},{\"@type\":\"WebSite\",\"@id\":\"https:\/\/hiref.com.mx\/#website\",\"url\":\"https:\/\/hiref.com.mx\/\",\"name\":\"HiRef\",\"description\":\"Aire acondicionado de precisi\u00f3n para Data Center y Telecom\",\"potentialAction\":[{\"@type\":\"SearchAction\",\"target\":{\"@type\":\"EntryPoint\",\"urlTemplate\":\"https:\/\/hiref.com.mx\/?s={search_term_string}\"},\"query-input\":{\"@type\":\"PropertyValueSpecification\",\"valueRequired\":true,\"valueName\":\"search_term_string\"}}],\"inLanguage\":\"es\"}]}<\/script>\n<!-- \/ Yoast SEO plugin. -->","yoast_head_json":{"title":"HiNode 2.0 - HiRef","description":"HiNode 2.0 sistema exclusivo, de HiRef, gestiona y supervisa el sistema de aire acondicionado de precisi\u00f3n. optimiza el funcionamiento de las unidades.","robots":{"index":"index","follow":"follow","max-snippet":"max-snippet:-1","max-image-preview":"max-image-preview:large","max-video-preview":"max-video-preview:-1"},"canonical":"https:\/\/hiref.com.mx\/index.php\/producto\/hinode-2-0\/","og_locale":"es_MX","og_type":"article","og_title":"HiNode 2.0 - HiRef","og_description":"HiNode 2.0 sistema exclusivo, de HiRef, gestiona y supervisa el sistema de aire acondicionado de precisi\u00f3n. optimiza el funcionamiento de las unidades.","og_url":"https:\/\/hiref.com.mx\/index.php\/producto\/hinode-2-0\/","og_site_name":"HiRef","article_publisher":"https:\/\/www.facebook.com\/hirefmexico","article_modified_time":"2023-09-26T20:08:18+00:00","og_image":[{"width":938,"height":800,"url":"https:\/\/hiref.com.mx\/wp-content\/uploads\/2023\/09\/HINODE_1.png","type":"image\/png"}],"twitter_card":"summary_large_image","twitter_misc":{"Tiempo de lectura":"1 minuto"},"schema":{"@context":"https:\/\/schema.org","@graph":[{"@type":"WebPage","@id":"https:\/\/hiref.com.mx\/index.php\/producto\/hinode-2-0\/","url":"https:\/\/hiref.com.mx\/index.php\/producto\/hinode-2-0\/","name":"HiNode 2.0 - HiRef","isPartOf":{"@id":"https:\/\/hiref.com.mx\/#website"},"primaryImageOfPage":{"@id":"https:\/\/hiref.com.mx\/index.php\/producto\/hinode-2-0\/#primaryimage"},"image":{"@id":"https:\/\/hiref.com.mx\/index.php\/producto\/hinode-2-0\/#primaryimage"},"thumbnailUrl":"https:\/\/hiref.com.mx\/wp-content\/uploads\/2023\/09\/HINODE_1.png","datePublished":"2023-09-26T19:43:46+00:00","dateModified":"2023-09-26T20:08:18+00:00","description":"HiNode 2.0 sistema exclusivo, de HiRef, gestiona y supervisa el sistema de aire acondicionado de precisi\u00f3n. optimiza el funcionamiento de las unidades.","breadcrumb":{"@id":"https:\/\/hiref.com.mx\/index.php\/producto\/hinode-2-0\/#breadcrumb"},"inLanguage":"es","potentialAction":[{"@type":"ReadAction","target":["https:\/\/hiref.com.mx\/index.php\/producto\/hinode-2-0\/"]}]},{"@type":"ImageObject","inLanguage":"es","@id":"https:\/\/hiref.com.mx\/index.php\/producto\/hinode-2-0\/#primaryimage","url":"https:\/\/hiref.com.mx\/wp-content\/uploads\/2023\/09\/HINODE_1.png","contentUrl":"https:\/\/hiref.com.mx\/wp-content\/uploads\/2023\/09\/HINODE_1.png","width":938,"height":800},{"@type":"BreadcrumbList","@id":"https:\/\/hiref.com.mx\/index.php\/producto\/hinode-2-0\/#breadcrumb","itemListElement":[{"@type":"ListItem","position":1,"name":"Inicio","item":"https:\/\/hiref.com.mx\/"},{"@type":"ListItem","position":2,"name":"Tienda","item":"https:\/\/hiref.com.mx\/?page_id=240"},{"@type":"ListItem","position":3,"name":"HiNode 2.0"}]},{"@type":"WebSite","@id":"https:\/\/hiref.com.mx\/#website","url":"https:\/\/hiref.com.mx\/","name":"HiRef","description":"Aire acondicionado de precisi\u00f3n para Data Center y Telecom","potentialAction":[{"@type":"SearchAction","target":{"@type":"EntryPoint","urlTemplate":"https:\/\/hiref.com.mx\/?s={search_term_string}"},"query-input":{"@type":"PropertyValueSpecification","valueRequired":true,"valueName":"search_term_string"}}],"inLanguage":"es"}]}},"_links":{"self":[{"href":"https:\/\/hiref.com.mx\/index.php\/wp-json\/wp\/v2\/product\/2604","targetHints":{"allow":["GET"]}}],"collection":[{"href":"https:\/\/hiref.com.mx\/index.php\/wp-json\/wp\/v2\/product"}],"about":[{"href":"https:\/\/hiref.com.mx\/index.php\/wp-json\/wp\/v2\/types\/product"}],"version-history":[{"count":0,"href":"https:\/\/hiref.com.mx\/index.php\/wp-json\/wp\/v2\/product\/2604\/revisions"}],"wp:featuredmedia":[{"embeddable":true,"href":"https:\/\/hiref.com.mx\/index.php\/wp-json\/wp\/v2\/media\/2606"}],"wp:attachment":[{"href":"https:\/\/hiref.com.mx\/index.php\/wp-json\/wp\/v2\/media?parent=2604"}],"wp:term":[{"taxonomy":"product_brand","embeddable":true,"href":"https:\/\/hiref.com.mx\/index.php\/wp-json\/wp\/v2\/product_brand?post=2604"},{"taxonomy":"product_cat","embeddable":true,"href":"https:\/\/hiref.com.mx\/index.php\/wp-json\/wp\/v2\/product_cat?post=2604"},{"taxonomy":"product_tag","embeddable":true,"href":"https:\/\/hiref.com.mx\/index.php\/wp-json\/wp\/v2\/product_tag?post=2604"}],"curies":[{"name":"wp","href":"https:\/\/api.w.org\/{rel}","templated":true}]}}